{"id":4048,"date":"2026-03-25T19:51:36","date_gmt":"2026-03-25T18:51:36","guid":{"rendered":"https:\/\/machupicchu.lat\/incapathperu\/?page_id=4048"},"modified":"2026-03-25T19:53:16","modified_gmt":"2026-03-25T18:53:16","slug":"acerca-de-nosotros","status":"publish","type":"page","link":"https:\/\/machupicchu.lat\/incapathperu\/es\/acerca-de-nosotros\/","title":{"rendered":"Acerca de nosotros"},"content":{"rendered":"\t\t<div data-elementor-type=\"wp-post\" data-elementor-id=\"4048\" class=\"elementor elementor-4048\" data-elementor-post-type=\"page\">\n\t\t\t\t<div class=\"elementor-element elementor-element-cbcf082 e-flex e-con-boxed wpr-particle-no wpr-jarallax-no wpr-parallax-no wpr-sticky-section-no e-con e-parent\" data-id=\"cbcf082\" data-element_type=\"container\" data-e-type=\"container\" data-settings=\"{&quot;background_background&quot;:&quot;classic&quot;}\">\n\t\t\t\t\t<div class=\"e-con-inner\">\n\t\t<div class=\"elementor-element elementor-element-53c6f6a e-con-full e-flex wpr-particle-no wpr-jarallax-no wpr-parallax-no wpr-sticky-section-no e-con e-child\" data-id=\"53c6f6a\" data-element_type=\"container\" data-e-type=\"container\">\n\t\t\t\t<div class=\"elementor-element elementor-element-60f397f elementor-widget elementor-widget-heading\" data-id=\"60f397f\" data-element_type=\"widget\" data-e-type=\"widget\" data-widget_type=\"heading.default\">\n\t\t\t\t<div class=\"elementor-widget-container\">\n\t\t\t\t\t<h1 class=\"elementor-heading-title elementor-size-default\">Acerca de nosotros<\/h1>\t\t\t\t<\/div>\n\t\t\t\t<\/div>\n\t\t\t\t<div class=\"elementor-element elementor-element-a1d0526 elementor-widget elementor-widget-hfe-breadcrumbs-widget\" data-id=\"a1d0526\" data-element_type=\"widget\" data-e-type=\"widget\" data-widget_type=\"hfe-breadcrumbs-widget.default\">\n\t\t\t\t<div class=\"elementor-widget-container\">\n\t\t\t\t\t<nav aria-label=\"Breadcrumb\"><ul class=\"hfe-breadcrumbs hfe-breadcrumbs-show-home\"><li class=\"hfe-breadcrumbs-item hfe-breadcrumbs-first\"><span class=\"hfe-breadcrumbs-home-icon\"><i aria-hidden=\"true\" class=\"fas fa-home\"><\/i><\/span><a href=\"https:\/\/machupicchu.lat\/incapathperu\"><span class=\"hfe-breadcrumbs-text\">Home<\/span><\/a><\/li><\/ul><\/nav>\t\t\t\t<\/div>\n\t\t\t\t<\/div>\n\t\t\t\t<\/div>\n\t\t\t\t\t<\/div>\n\t\t\t\t<\/div>\n\t\t<div class=\"elementor-element elementor-element-bb356d2 e-flex e-con-boxed wpr-particle-no wpr-jarallax-no wpr-parallax-no wpr-sticky-section-no e-con e-parent\" data-id=\"bb356d2\" data-element_type=\"container\" data-e-type=\"container\">\n\t\t\t\t\t<div class=\"e-con-inner\">\n\t\t\t\t<div class=\"elementor-element elementor-element-f5ba583 elementor-widget elementor-widget-heading\" data-id=\"f5ba583\" data-element_type=\"widget\" data-e-type=\"widget\" data-widget_type=\"heading.default\">\n\t\t\t\t<div class=\"elementor-widget-container\">\n\t\t\t\t\t<h2 class=\"elementor-heading-title elementor-size-default\">ACERCA DE NOSOTROS INCA PATH PER\u00da<\/h2>\t\t\t\t<\/div>\n\t\t\t\t<\/div>\n\t\t\t\t<div class=\"elementor-element elementor-element-45c5e36 elementor-widget elementor-widget-text-editor\" data-id=\"45c5e36\" data-element_type=\"widget\" data-e-type=\"widget\" data-widget_type=\"text-editor.default\">\n\t\t\t\t<div class=\"elementor-widget-container\">\n\t\t\t\t\t\t\t\t\t<p>En esta p\u00e1gina \u00abQui\u00e9nes somos\u00bb, podr\u00e1s conocer con claridad qui\u00e9nes somos y qu\u00e9 hacemos. \u00bfPor qu\u00e9 INCA PATH PERU y no simplemente \u00abTours en Per\u00fa\u00bb? Ofrecemos rutas de senderismo y excursiones de calidad superior y aut\u00e9nticas a Machu Picchu y por los alrededores de Cusco. Queremos que conectes con las rutas, los hermosos paisajes y la gente andina. Por eso nuestro equipo est\u00e1 formado exclusivamente por personas de la zona que han crecido en esta tierra.<\/p><p>Uno de nuestros principales objetivos es apoyar a la comunidad local. Nos aseguramos de ofrecer salarios justos a todo nuestro equipo y a nuestros gu\u00edas tur\u00edsticos locales, porteadores y jinetes.<br \/>La empresa fue fundada en 2018 por Carlos Romero, nacido en Cusco y que ha recorrido esta zona toda su vida. Ha guiado a cientos de grupos por el Camino Inca, la Selva Inca, Salkantay, Lares y las rutas de Choquequirao, as\u00ed como por la Monta\u00f1a Arco\u00edris.<\/p><p>INCA PATH PERU se cre\u00f3 para ser una empresa de turismo local RESPONSABLE, SOSTENIBLE y ECOL\u00d3GICA en Cusco.<\/p>\t\t\t\t\t\t\t\t<\/div>\n\t\t\t\t<\/div>\n\t\t\t\t\t<\/div>\n\t\t\t\t<\/div>\n\t\t<div class=\"elementor-element elementor-element-4393650 e-flex e-con-boxed wpr-particle-no wpr-jarallax-no wpr-parallax-no wpr-sticky-section-no e-con e-parent\" data-id=\"4393650\" data-element_type=\"container\" data-e-type=\"container\">\n\t\t\t\t\t<div class=\"e-con-inner\">\n\t\t<div class=\"elementor-element elementor-element-e68aaba e-con-full e-flex wpr-particle-no wpr-jarallax-no wpr-parallax-no wpr-sticky-section-no e-con e-child\" data-id=\"e68aaba\" data-element_type=\"container\" data-e-type=\"container\">\n\t\t<div class=\"elementor-element elementor-element-ccce07a e-con-full e-flex wpr-particle-no wpr-jarallax-no wpr-parallax-no wpr-sticky-section-no e-con e-child\" data-id=\"ccce07a\" data-element_type=\"container\" data-e-type=\"container\">\n\t\t\t\t<div class=\"elementor-element elementor-element-205eea8 elementor-widget elementor-widget-heading\" data-id=\"205eea8\" data-element_type=\"widget\" data-e-type=\"widget\" data-widget_type=\"heading.default\">\n\t\t\t\t<div class=\"elementor-widget-container\">\n\t\t\t\t\t<h2 class=\"elementor-heading-title elementor-size-default\">MISI\u00d3N Y VISI\u00d3N:<\/h2>\t\t\t\t<\/div>\n\t\t\t\t<\/div>\n\t\t\t\t<div class=\"elementor-element elementor-element-670691d elementor-widget elementor-widget-text-editor\" data-id=\"670691d\" data-element_type=\"widget\" data-e-type=\"widget\" data-widget_type=\"text-editor.default\">\n\t\t\t\t<div class=\"elementor-widget-container\">\n\t\t\t\t\t\t\t\t\t<p>Nos esforzamos por ofrecerte excursiones aut\u00e9nticas y \u00fanicas que no encontrar\u00e1s en ninguna otra agencia de senderismo. Creemos en ofrecerte precios justos, al tiempo que garantizamos una remuneraci\u00f3n justa a nuestros gu\u00edas, cocineros y porteadores. Queremos brindarte una experiencia de la mejor calidad, desde el primer momento en que llegues a esta impresionante ciudad, hasta que regreses a tu pa\u00eds y cuentes a tus amigos y familiares la magia que encierra esta tierra encantadora. Mientras realiza excursiones y caminatas con nuestro equipo, ver\u00e1 que nos encanta el trabajo que hacemos y que queremos compartir con usted nuestros conocimientos, nuestra experiencia y nuestro amor por Per\u00fa.<\/p><p>Hable con uno de nuestros clientes y le dir\u00e1 que nuestros tours son diferentes a cualquier otro, ya que exploramos esta tierra m\u00e1gica como nadie m\u00e1s lo hace.<\/p><p>\u00a0<\/p>\t\t\t\t\t\t\t\t<\/div>\n\t\t\t\t<\/div>\n\t\t\t\t<\/div>\n\t\t\t\t<\/div>\n\t\t<div class=\"elementor-element elementor-element-0c2cd9b e-con-full e-flex wpr-particle-no wpr-jarallax-no wpr-parallax-no wpr-sticky-section-no e-con e-child\" data-id=\"0c2cd9b\" data-element_type=\"container\" data-e-type=\"container\">\n\t\t<div class=\"elementor-element elementor-element-5a67199 e-con-full e-flex wpr-particle-no wpr-jarallax-no wpr-parallax-no wpr-sticky-section-no e-con e-child\" data-id=\"5a67199\" data-element_type=\"container\" data-e-type=\"container\">\n\t\t\t\t<div class=\"elementor-element elementor-element-928bdb8 elementor-widget elementor-widget-heading\" data-id=\"928bdb8\" data-element_type=\"widget\" data-e-type=\"widget\" data-widget_type=\"heading.default\">\n\t\t\t\t<div class=\"elementor-widget-container\">\n\t\t\t\t\t<h2 class=\"elementor-heading-title elementor-size-default\">Certificado Dircetur<\/h2>\t\t\t\t<\/div>\n\t\t\t\t<\/div>\n\t\t\t\t<div class=\"elementor-element elementor-element-27386ae elementor-widget elementor-widget-image\" data-id=\"27386ae\" data-element_type=\"widget\" data-e-type=\"widget\" data-widget_type=\"image.default\">\n\t\t\t\t<div class=\"elementor-widget-container\">\n\t\t\t\t\t\t\t\t\t\t\t\t\t\t\t<img fetchpriority=\"high\" decoding=\"async\" width=\"769\" height=\"1024\" src=\"https:\/\/machupicchu.lat\/incapathperu\/wp-content\/uploads\/2026\/03\/Constancia-Dircetur-Inca-Path-Peru-1153x1536-1-769x1024.jpeg\" class=\"attachment-large size-large wp-image-4035\" alt=\"\" srcset=\"https:\/\/machupicchu.lat\/incapathperu\/wp-content\/uploads\/2026\/03\/Constancia-Dircetur-Inca-Path-Peru-1153x1536-1-769x1024.jpeg 769w, https:\/\/machupicchu.lat\/incapathperu\/wp-content\/uploads\/2026\/03\/Constancia-Dircetur-Inca-Path-Peru-1153x1536-1-225x300.jpeg 225w, https:\/\/machupicchu.lat\/incapathperu\/wp-content\/uploads\/2026\/03\/Constancia-Dircetur-Inca-Path-Peru-1153x1536-1-768x1023.jpeg 768w, https:\/\/machupicchu.lat\/incapathperu\/wp-content\/uploads\/2026\/03\/Constancia-Dircetur-Inca-Path-Peru-1153x1536-1.jpeg 1153w\" sizes=\"(max-width: 769px) 100vw, 769px\" \/>\t\t\t\t\t\t\t\t\t\t\t\t\t\t\t<\/div>\n\t\t\t\t<\/div>\n\t\t\t\t<\/div>\n\t\t\t\t<\/div>\n\t\t\t\t\t<\/div>\n\t\t\t\t<\/div>\n\t\t\t\t<\/div>\n\t\t","protected":false},"excerpt":{"rendered":"<p>Home ACERCA DE NOSOTROS INCA PATH PER\u00da En esta p\u00e1gina \u00abQui\u00e9nes somos\u00bb, podr\u00e1s conocer con claridad qui\u00e9nes somos y qu\u00e9 hacemos. \u00bfPor qu\u00e9 INCA PATH PERU y no simplemente \u00abTours en Per\u00fa\u00bb? Ofrecemos rutas de senderismo y excursiones de calidad superior y aut\u00e9nticas a Machu Picchu y por los alrededores de Cusco. Queremos que conectes con las rutas, los hermosos paisajes y la gente andina. Por eso nuestro equipo est\u00e1 formado exclusivamente por personas de la zona que han crecido en esta tierra. Uno de nuestros principales objetivos es apoyar a la comunidad local. Nos aseguramos de ofrecer salarios justos a todo nuestro equipo y a nuestros gu\u00edas tur\u00edsticos locales, porteadores y jinetes.La empresa fue fundada en 2018 por Carlos Romero, nacido en Cusco y que ha recorrido esta zona toda su vida. Ha guiado a cientos de grupos por el Camino Inca, la Selva Inca, Salkantay, Lares y las rutas de Choquequirao, as\u00ed como por la Monta\u00f1a Arco\u00edris. INCA PATH PERU se cre\u00f3 para ser una empresa de turismo local RESPONSABLE, SOSTENIBLE y ECOL\u00d3GICA en Cusco. MISI\u00d3N Y VISI\u00d3N: Nos esforzamos por ofrecerte excursiones aut\u00e9nticas y \u00fanicas que no encontrar\u00e1s en ninguna otra agencia de senderismo. Creemos en ofrecerte precios justos, al tiempo que garantizamos una remuneraci\u00f3n justa a nuestros gu\u00edas, cocineros y porteadores. Queremos brindarte una experiencia de la mejor calidad, desde el primer momento en que llegues a esta impresionante ciudad, hasta que regreses a tu pa\u00eds y cuentes a tus amigos y familiares la magia que encierra esta tierra encantadora. Mientras realiza excursiones y caminatas con nuestro equipo, ver\u00e1 que nos encanta el trabajo que hacemos y que queremos compartir con usted nuestros conocimientos, nuestra experiencia y nuestro amor por Per\u00fa. Hable con uno de nuestros clientes y le dir\u00e1 que nuestros tours son diferentes a cualquier otro, ya que exploramos esta tierra m\u00e1gica como nadie m\u00e1s lo hace. \u00a0 Certificado Dircetur<\/p>\n","protected":false},"author":1,"featured_media":0,"parent":0,"menu_order":0,"comment_status":"closed","ping_status":"closed","template":"","meta":{"_acf_changed":false,"site-sidebar-layout":"no-sidebar","site-content-layout":"page-builder","ast-site-content-layout":"full-width-container","site-content-style":"unboxed","site-sidebar-style":"unboxed","ast-global-header-display":"","ast-banner-title-visibility":"","ast-main-header-display":"","ast-hfb-above-header-display":"","ast-hfb-below-header-display":"","ast-hfb-mobile-header-display":"","site-post-title":"disabled","ast-breadcrumbs-content":"","ast-featured-img":"disabled","footer-sml-layout":"","ast-disable-related-posts":"","theme-transparent-header-meta":"enabled","adv-header-id-meta":"","stick-header-meta":"","header-above-stick-meta":"","header-main-stick-meta":"","header-below-stick-meta":"","astra-migrate-meta-layouts":"set","ast-page-background-enabled":"default","ast-page-background-meta":{"desktop":{"background-color":"","background-image":"","background-repeat":"repeat","background-position":"center center","background-size":"auto","background-attachment":"scroll","background-type":"","background-media":"","overlay-type":"","overlay-color":"","overlay-opacity":"","overlay-gradient":""},"tablet":{"background-color":"","background-image":"","background-repeat":"repeat","background-position":"center center","background-size":"auto","background-attachment":"scroll","background-type":"","background-media":"","overlay-type":"","overlay-color":"","overlay-opacity":"","overlay-gradient":""},"mobile":{"background-color":"","background-image":"","background-repeat":"repeat","background-position":"center center","background-size":"auto","background-attachment":"scroll","background-type":"","background-media":"","overlay-type":"","overlay-color":"","overlay-opacity":"","overlay-gradient":""}},"ast-content-background-meta":{"desktop":{"background-color":"var(--ast-global-color-5)","background-image":"","background-repeat":"repeat","background-position":"center center","background-size":"auto","background-attachment":"scroll","background-type":"","background-media":"","overlay-type":"","overlay-color":"","overlay-opacity":"","overlay-gradient":""},"tablet":{"background-color":"var(--ast-global-color-5)","background-image":"","background-repeat":"repeat","background-position":"center center","background-size":"auto","background-attachment":"scroll","background-type":"","background-media":"","overlay-type":"","overlay-color":"","overlay-opacity":"","overlay-gradient":""},"mobile":{"background-color":"var(--ast-global-color-5)","background-image":"","background-repeat":"repeat","background-position":"center center","background-size":"auto","background-attachment":"scroll","background-type":"","background-media":"","overlay-type":"","overlay-color":"","overlay-opacity":"","overlay-gradient":""}},"_joinchat":[],"footnotes":""},"class_list":["post-4048","page","type-page","status-publish","hentry"],"acf":[],"_links":{"self":[{"href":"https:\/\/machupicchu.lat\/incapathperu\/wp-json\/wp\/v2\/pages\/4048","targetHints":{"allow":["GET"]}}],"collection":[{"href":"https:\/\/machupicchu.lat\/incapathperu\/wp-json\/wp\/v2\/pages"}],"about":[{"href":"https:\/\/machupicchu.lat\/incapathperu\/wp-json\/wp\/v2\/types\/page"}],"author":[{"embeddable":true,"href":"https:\/\/machupicchu.lat\/incapathperu\/wp-json\/wp\/v2\/users\/1"}],"replies":[{"embeddable":true,"href":"https:\/\/machupicchu.lat\/incapathperu\/wp-json\/wp\/v2\/comments?post=4048"}],"version-history":[{"count":10,"href":"https:\/\/machupicchu.lat\/incapathperu\/wp-json\/wp\/v2\/pages\/4048\/revisions"}],"predecessor-version":[{"id":4058,"href":"https:\/\/machupicchu.lat\/incapathperu\/wp-json\/wp\/v2\/pages\/4048\/revisions\/4058"}],"wp:attachment":[{"href":"https:\/\/machupicchu.lat\/incapathperu\/wp-json\/wp\/v2\/media?parent=4048"}],"curies":[{"name":"wp","href":"https:\/\/api.w.org\/{rel}","templated":true}]}}